

 {"id":1080,"date":"2020-05-15T16:35:49","date_gmt":"2020-05-15T16:35:49","guid":{"rendered":"https:\/\/arbocontrol.unb.br\/?page_id=1080"},"modified":"2020-05-20T17:47:50","modified_gmt":"2020-05-20T17:47:50","slug":"componente1","status":"publish","type":"page","link":"https:\/\/arbocontrol.unb.br\/?page_id=1080","title":{"rendered":"Componente 1"},"content":{"rendered":"<p>[vc_row][vc_column]<div class=\"sc_section\" data-animation=\"animated zoomIn normal\"><div class=\"sc_section_inner\">[vc_empty_space height=&#8221;60px&#8221;][vc_column_text]<\/p>\n<p style=\"text-align: center;\"><strong>COMPONENTE 1 &#8211; Pesquisa para o controle de vetor<\/strong><\/p>\n<p>&nbsp;<\/p>\n<p class=\"direction-ltr align-start para-style-body\" style=\"text-align: left;\">Coordena\u00e7\u00e3o Profa. Dra. Laila Salmen Espindola<\/p>\n<p class=\"direction-ltr align-start para-style-body\" style=\"text-align: left;\">Laborat\u00f3rio de Farmacognosia\/Faculdade de Ci\u00eancias da Sa\u00fade<\/p>\n<p class=\"direction-ltr align-start para-style-body\" style=\"text-align: left;\">Universidade de Bras\u00edlia &#8211; UnB<\/p>\n<p style=\"text-align: left;\">O Componente 1 apresenta uma estrat\u00e9gia de execu\u00e7\u00e3o do projeto em rede, co-coordenada por pesquisadores das seguintes institui\u00e7\u00f5es: USP-Ribeir\u00e3o Preto; USP-S\u00e3o Paulo; UNESP-Araraquara; UNESP-S\u00e3o Jos\u00e9 do Rio Preto; UFC; UFRN; UFPE; UFRRJ;\u00a0UFPa; Museu Paraense Em\u00edlio Goeldi Cenargen\/Embrapa; UFMG e UFRRJ, al\u00e9m das institui\u00e7\u00f5es internacionais: Universit\u00e9 du Quebec \u00e0 Chicoutimi, Canad\u00e1;\u00a0CNRS: Centre National de la Recherche Scientifique, Fran\u00e7a;\u00a0Universit\u00e9 de Paris Descartes, Fran\u00e7a;\u00a0University of Basel, Sui\u00e7a;\u00a0University of East Anglia, Reino Unido; University of Notre-Dame, Estados Unidos;<\/p>\n<p style=\"text-align: left;\">National Institutes of Health (NIH) e University of California-Davis nos Estados Unidos. Na rede nacional, temos dezenove professores, dentre os quais quatorze s\u00e3o pesquisadores do CNPq, sendo sete no n\u00edvel mais elevado das bolsas de produtividade em pesquisa. Os demais pesquisadores brasileiros ou estrangeiros est\u00e3o conectados nessas equipes. Al\u00e9m disso, comp\u00f5em a rede nacional dezenove p\u00f3s-doutorandos, dez doutorandos, seis mestrandos e doze estudantes de inicia\u00e7\u00e3o cient\u00edfica, que s\u00e3o bolsistas do projeto e trabalham nas diferentes institui\u00e7\u00f5es da rede.<\/p>\n<p>[\/vc_column_text][vc_empty_space height=&#8221;60px&#8221;]<\/div><\/div>[\/vc_column][\/vc_row]<\/p>\n","protected":false},"excerpt":{"rendered":"<p>[vc_row][vc_column][\/vc_column][\/vc_row]<\/p>\n","protected":false},"author":1,"featured_media":0,"parent":0,"menu_order":0,"comment_status":"closed","ping_status":"closed","template":"","meta":[],"_links":{"self":[{"href":"https:\/\/arbocontrol.unb.br\/index.php?rest_route=\/wp\/v2\/pages\/1080"}],"collection":[{"href":"https:\/\/arbocontrol.unb.br\/index.php?rest_route=\/wp\/v2\/pages"}],"about":[{"href":"https:\/\/arbocontrol.unb.br\/index.php?rest_route=\/wp\/v2\/types\/page"}],"author":[{"embeddable":true,"href":"https:\/\/arbocontrol.unb.br\/index.php?rest_route=\/wp\/v2\/users\/1"}],"replies":[{"embeddable":true,"href":"https:\/\/arbocontrol.unb.br\/index.php?rest_route=%2Fwp%2Fv2%2Fcomments&post=1080"}],"version-history":[{"count":5,"href":"https:\/\/arbocontrol.unb.br\/index.php?rest_route=\/wp\/v2\/pages\/1080\/revisions"}],"predecessor-version":[{"id":1108,"href":"https:\/\/arbocontrol.unb.br\/index.php?rest_route=\/wp\/v2\/pages\/1080\/revisions\/1108"}],"wp:attachment":[{"href":"https:\/\/arbocontrol.unb.br\/index.php?rest_route=%2Fwp%2Fv2%2Fmedia&parent=1080"}],"curies":[{"name":"wp","href":"https:\/\/api.w.org\/{rel}","templated":true}]}}