

 {"id":1265,"date":"2021-06-22T21:11:42","date_gmt":"2021-06-22T21:11:42","guid":{"rendered":"https:\/\/arbocontrol.unb.br\/?page_id=1265"},"modified":"2021-06-22T21:22:57","modified_gmt":"2021-06-22T21:22:57","slug":"objetivos-2","status":"publish","type":"page","link":"https:\/\/arbocontrol.unb.br\/?page_id=1265","title":{"rendered":"Objetivos"},"content":{"rendered":"\t\t<div data-elementor-type=\"wp-page\" data-elementor-id=\"1265\" class=\"elementor elementor-1265\" data-elementor-settings=\"[]\">\n\t\t\t\t\t\t\t<div class=\"elementor-section-wrap\">\n\t\t\t\t\t\t\t<section class=\"elementor-section elementor-top-section elementor-element elementor-element-2c462d7 elementor-section-boxed elementor-section-height-default elementor-section-height-default\" data-id=\"2c462d7\" data-element_type=\"section\">\n\t\t\t\t\t\t<div class=\"elementor-container elementor-column-gap-default\">\n\t\t\t\t\t<div class=\"elementor-column elementor-col-100 elementor-top-column elementor-element elementor-element-be77099\" data-id=\"be77099\" data-element_type=\"column\">\n\t\t\t<div class=\"elementor-widget-wrap elementor-element-populated\">\n\t\t\t\t\t\t\t\t<div class=\"elementor-element elementor-element-aa84f87 elementor-widget elementor-widget-heading\" data-id=\"aa84f87\" data-element_type=\"widget\" data-widget_type=\"heading.default\">\n\t\t\t\t<div class=\"elementor-widget-container\">\n\t\t\t<h2 class=\"elementor-heading-title elementor-size-default\">Objetivos<\/h2>\t\t<\/div>\n\t\t\t\t<\/div>\n\t\t\t\t<div class=\"elementor-element elementor-element-fbd2d9f elementor-widget elementor-widget-text-editor\" data-id=\"fbd2d9f\" data-element_type=\"widget\" data-widget_type=\"text-editor.default\">\n\t\t\t\t<div class=\"elementor-widget-container\">\n\t\t\t\t\t\t\t\t<p><strong>Avaliar e orientar as Estrat\u00e9gias de Educa\u00e7\u00e3o, Informa\u00e7\u00e3o e Comunica\u00e7\u00e3o produzidas pelo Minist\u00e9rio da Sa\u00fade no controle do vetor Aedes aegypti e as arboviroses dengue, zika e Chikungunya.<\/strong><\/p><p><strong>Objetivo geral:<\/strong><\/p><p>Estimular o uso de evid\u00eancias cient\u00edficas nas a\u00e7\u00f5es de educa\u00e7\u00e3o, informa\u00e7\u00e3o e comunica\u00e7\u00e3o para a promo\u00e7\u00e3o da sa\u00fade, objetivando a avalia\u00e7\u00e3o das estrat\u00e9gias de comunica\u00e7\u00e3o do Minist\u00e9rio da Sa\u00fade voltadas ao controle do vetor Aedes aegypti e as arboviroses dengue, zika e chikungunya.<\/p><p><strong>Objetivos espec\u00edficos:<\/strong><\/p><p>&#8211; Realizar revis\u00e3o sistem\u00e1tica sobre a efic\u00e1cia das estrat\u00e9gias atuais de comunica\u00e7\u00e3o como indutoras na ado\u00e7\u00e3o de h\u00e1bitos de preven\u00e7\u00e3o pela popula\u00e7\u00e3o.<\/p><p>&#8211; Elaborar proposta de utiliza\u00e7\u00e3o das estrat\u00e9gias de comunica\u00e7\u00e3o que apresentarem os melhores resultados na revis\u00e3o sistem\u00e1tica.<\/p><p>&#8211; Realizar estudo piloto na zona leste do Distrito Federal (Jardim Bot\u00e2nico, Parano\u00e1, Itapo\u00e3 e S\u00e3o Sebasti\u00e3o); em seguida, o projeto piloto na Regi\u00e3o Integrada de Desenvolvimento do Distrito Federal e Entorno (RIDE), expandindo para as demais regi\u00f5es do pa\u00eds, compreendo Amazonas (AM), Cear\u00e1 (CE), Para\u00edba (PB), Minas Gerais (MG), Rio de Janeiro (RJ), Paran\u00e1 (PR) e com a metodologia de comunica\u00e7\u00e3o que apresentar melhores resultados na revis\u00e3o sistem\u00e1tica.<\/p><p>&#8211; Desenvolver a avalia\u00e7\u00e3o das estrat\u00e9gias de educa\u00e7\u00e3o, informa\u00e7\u00e3o e comunica\u00e7\u00e3o adotadas pelo Minist\u00e9rio da Sa\u00fade no controle do vetor Aedes aegypti e as arboviroses dengue, zika e chikungunya em diferentes regi\u00f5es e estratos populacionais, com a metodologia de comunica\u00e7\u00e3o que apresentar melhores resultados na revis\u00e3o sistem\u00e1tica em tr\u00eas mun\u00edcipios de cada uma das cinco regi\u00f5es do Brasil.<\/p><p>&#8211; Identificar pr\u00e1ticas exitosas de gest\u00e3o e uso do conhecimento da popula\u00e7\u00e3o no controle do vetor Aedes aegypti e as arboviroses dengue, zika e chikungunya.<\/p><p><strong>Analisar modelos de recep\u00e7\u00e3o e media\u00e7\u00e3o de mensagens visando a identifica\u00e7\u00e3o de estrat\u00e9gias para publiciza\u00e7\u00e3o das atividades inerentes ao projeto e os processos de educa\u00e7\u00e3o, informa\u00e7\u00e3o e comunica\u00e7\u00e3o.\u00a0<\/strong><\/p><p><strong>Objetivo geral:<\/strong><\/p><p>Desenvolver e implementar estrat\u00e9gias de comunica\u00e7\u00e3o para estimular o engajamento da sociedade no combate aos vetores.<\/p><p><strong>Objetivos espec\u00edficos:<\/strong><\/p><p>&#8211; Realizar oficinas de produ\u00e7\u00e3o de conte\u00fado, em pelo menos um munic\u00edpio de cada uma das cinco regi\u00f5es brasileiras, com maior incid\u00eancia das arboviroses dengue, zika e chikungunya para tradu\u00e7\u00e3o do conhecimento \u00e0 popula\u00e7\u00e3o de risco, visando a sustentabilidade das campanhas e a\u00e7\u00f5es de educa\u00e7\u00e3o, informa\u00e7\u00e3o e comunica\u00e7\u00e3o, produzidas pelo Minist\u00e9rio da Sa\u00fade.<\/p><p>&#8211; Identificar pr\u00e1ticas exitosas de gest\u00e3o e uso do conhecimento da popula\u00e7\u00e3o no controle do vetor Aedes aegypti e as arboviroses dengue, zika e chikungunya.<\/p><p><strong>Criar ambiente virtual para compartilhar experi\u00eancias exitosas, pr\u00e1ticas de educa\u00e7\u00e3o e comunica\u00e7\u00e3o em sa\u00fade e os resultados do projeto junto aos gestores, profissionais, pesquisadores, estudantes e a popula\u00e7\u00e3o em geral.<\/strong><\/p><p><strong>Objetivos espec\u00edficos:<\/strong><\/p><p>&#8211; Desenvolver um ambiente virtual para compartilhamento de experi\u00eancias e pr\u00e1ticas em torno das atividades desenvolvidas pelo projeto, no \u00e2mbito das oficinas de produ\u00e7\u00e3o de conte\u00fado.<\/p><p>&#8211; Implementar um reposit\u00f3rio virtual do projeto ArboControl.<\/p><p><strong>Realizar workshops com participa\u00e7\u00e3o de especialistas nacionais e internacionais.\u00a0<\/strong><\/p>\t\t\t\t\t\t<\/div>\n\t\t\t\t<\/div>\n\t\t\t\t\t<\/div>\n\t\t<\/div>\n\t\t\t\t\t\t\t<\/div>\n\t\t<\/section>\n\t\t\t\t\t\t<\/div>\n\t\t\t\t\t<\/div>\n\t\t","protected":false},"excerpt":{"rendered":"<p>Objetivos Avaliar e orientar as Estrat\u00e9gias de Educa\u00e7\u00e3o, Informa\u00e7\u00e3o e Comunica\u00e7\u00e3o produzidas pelo Minist\u00e9rio da Sa\u00fade no controle do vetor Aedes aegypti e as arboviroses dengue, zika e Chikungunya. Objetivo geral: Estimular o uso de evid\u00eancias cient\u00edficas nas a\u00e7\u00f5es de educa\u00e7\u00e3o, informa\u00e7\u00e3o e comunica\u00e7\u00e3o para a promo\u00e7\u00e3o da sa\u00fade, objetivando a avalia\u00e7\u00e3o das estrat\u00e9gias de [&hellip;]<\/p>\n","protected":false},"author":9,"featured_media":0,"parent":0,"menu_order":0,"comment_status":"closed","ping_status":"closed","template":"elementor_header_footer","meta":[],"_links":{"self":[{"href":"https:\/\/arbocontrol.unb.br\/index.php?rest_route=\/wp\/v2\/pages\/1265"}],"collection":[{"href":"https:\/\/arbocontrol.unb.br\/index.php?rest_route=\/wp\/v2\/pages"}],"about":[{"href":"https:\/\/arbocontrol.unb.br\/index.php?rest_route=\/wp\/v2\/types\/page"}],"author":[{"embeddable":true,"href":"https:\/\/arbocontrol.unb.br\/index.php?rest_route=\/wp\/v2\/users\/9"}],"replies":[{"embeddable":true,"href":"https:\/\/arbocontrol.unb.br\/index.php?rest_route=%2Fwp%2Fv2%2Fcomments&post=1265"}],"version-history":[{"count":7,"href":"https:\/\/arbocontrol.unb.br\/index.php?rest_route=\/wp\/v2\/pages\/1265\/revisions"}],"predecessor-version":[{"id":1272,"href":"https:\/\/arbocontrol.unb.br\/index.php?rest_route=\/wp\/v2\/pages\/1265\/revisions\/1272"}],"wp:attachment":[{"href":"https:\/\/arbocontrol.unb.br\/index.php?rest_route=%2Fwp%2Fv2%2Fmedia&parent=1265"}],"curies":[{"name":"wp","href":"https:\/\/api.w.org\/{rel}","templated":true}]}}