

 {"id":1273,"date":"2021-06-22T21:23:10","date_gmt":"2021-06-22T21:23:10","guid":{"rendered":"https:\/\/arbocontrol.unb.br\/?page_id=1273"},"modified":"2021-06-22T21:25:42","modified_gmt":"2021-06-22T21:25:42","slug":"metodologia","status":"publish","type":"page","link":"https:\/\/arbocontrol.unb.br\/?page_id=1273","title":{"rendered":"Metodologia"},"content":{"rendered":"\t\t<div data-elementor-type=\"wp-page\" data-elementor-id=\"1273\" class=\"elementor elementor-1273\" data-elementor-settings=\"[]\">\n\t\t\t\t\t\t\t<div class=\"elementor-section-wrap\">\n\t\t\t\t\t\t\t<section class=\"elementor-section elementor-top-section elementor-element elementor-element-2c462d7 elementor-section-boxed elementor-section-height-default elementor-section-height-default\" data-id=\"2c462d7\" data-element_type=\"section\">\n\t\t\t\t\t\t<div class=\"elementor-container elementor-column-gap-default\">\n\t\t\t\t\t<div class=\"elementor-column elementor-col-100 elementor-top-column elementor-element elementor-element-be77099\" data-id=\"be77099\" data-element_type=\"column\">\n\t\t\t<div class=\"elementor-widget-wrap elementor-element-populated\">\n\t\t\t\t\t\t\t\t<div class=\"elementor-element elementor-element-aa84f87 elementor-widget elementor-widget-heading\" data-id=\"aa84f87\" data-element_type=\"widget\" data-widget_type=\"heading.default\">\n\t\t\t\t<div class=\"elementor-widget-container\">\n\t\t\t<h2 class=\"elementor-heading-title elementor-size-default\">Metodologia<\/h2>\t\t<\/div>\n\t\t\t\t<\/div>\n\t\t\t\t<div class=\"elementor-element elementor-element-fbd2d9f elementor-widget elementor-widget-text-editor\" data-id=\"fbd2d9f\" data-element_type=\"widget\" data-widget_type=\"text-editor.default\">\n\t\t\t\t<div class=\"elementor-widget-container\">\n\t\t\t\t\t\t\t\t<p>Trata-se de um Estudo de M\u00faltiplos Casos, uma estrat\u00e9gia de investiga\u00e7\u00e3o qualitativa que visa aprofundar o como e o porqu\u00ea de alguma situa\u00e7\u00e3o ou epis\u00f3dio, frente \u00e0 qual o pesquisador tem pouco controle (MINAYO, 2010). Os te\u00f3ricos deste m\u00e9todo aconselham aos pesquisadores que utilizem m\u00faltiplas fontes de informa\u00e7\u00f5es (YIN, 2005; CRESWELL, 2007, 2015) construindo um banco de dados ao longo da investiga\u00e7\u00e3o de modo a criarem uma cadeia de evid\u00eancias relevantes durante o trabalho de campo (MINAYO, 2010).<\/p><p>Conta com metodologias ativas e inclusivas, que valorizam os princ\u00edpios da aproxima\u00e7\u00e3o significativa em redes sociais humanas, estabelecendo, portanto, v\u00ednculo entre o material conhecido e disponibilizado pelas campanhas do Minist\u00e9rio da Sa\u00fade e Secretarias de Sa\u00fade estaduais e municipais, e os conhecimentos acumulados pela popula\u00e7\u00e3o, paralelamente ao Componente 3 deste projeto.<\/p><p>O caminho qualitativo adotado foi composto em quatro ciclos, que envolveram estrat\u00e9gias da pesquisa a\u00e7\u00e3o. Esta, para Denzin e Lincoln (2006, p. 98), \u00e9 voltada para a mudan\u00e7a social, \u00e9 a forma que a pesquisa social deve assumir caso queira alcan\u00e7ar resultados v\u00e1lidos, realizar mudan\u00e7a social \u00fatil e reconectar as universidades \u00e0 sociedade como um todo.<\/p><p>Na pesquisa a\u00e7\u00e3o os colaboradores comunit\u00e1rios ou organizacionais trabalham em conjunto com os pesquisadores na defini\u00e7\u00e3o dos objetivos, na elabora\u00e7\u00e3o de quest\u00f5es de pesquisa, no aprendizado das habilidades de pesquisa, na combina\u00e7\u00e3o entre o conhecimento e os esfor\u00e7os, na condu\u00e7\u00e3o da pesquisa, na interpreta\u00e7\u00e3o dos resultados e na aplica\u00e7\u00e3o do que \u00e9 apreendido para a produ\u00e7\u00e3o de uma mudan\u00e7a social positiva (DENZIN; LINCOLN, 2006, p. 100).<\/p><p>Sendo assim, a estrat\u00e9gia previamente identificada para o desenvolvimento desta pesquisa atendeu aos objetivos e metas de avalia\u00e7\u00e3o cient\u00edfica, amparada substancialmente em t\u00e9cnicas combinat\u00f3rias de an\u00e1lise de documentos, entrevistas, participa\u00e7\u00e3o direta em atividades de campo, individuais e\/ou em grupo.<\/p><p>Ainda do ponto de vista te\u00f3rico-metodol\u00f3gico, foram desenvolvidas oficinas aproximativas, apontadas por Spink, Menegon e Medrado (2014) como uma estrat\u00e9gia facilitadora de troca dial\u00f3gica e constru\u00e7\u00e3o compartilhada de sentidos. Os autores apontam que oficinas s\u00e3o pr\u00e1ticas discursivas, logo, compreendem maneiras por meio das quais as pessoas produzem sentidos sobre fen\u00f4menos a sua volta e se posicionam em rela\u00e7\u00f5es sociais cotidianas.<\/p><p>Para alcan\u00e7ar esta finalidade, os pesquisadores entraram em contato com a Rede de Educa\u00e7\u00e3o Popular em Sa\u00fade e as Secretarias Municipais e Estaduais de Sa\u00fade, que selecionaram os atores estrat\u00e9gicos oriundos da popula\u00e7\u00e3o bem como os Agentes Comunit\u00e1rios de Sa\u00fade (ACS) dos munic\u00edpios referentes para participarem da pesquisa para que as experi\u00eancias relatadas fossem diferentes, levando em considera\u00e7\u00e3o a riqueza das hist\u00f3rias vividas e obedecendo quatro ciclos iniciais de abordagem, a saber:<\/p><p><strong>Ciclo 1:<\/strong> Caracteriza\u00e7\u00e3o das prioridades apontadas pela revis\u00e3o sistem\u00e1tica anterior, com vistas \u00e0 produ\u00e7\u00e3o de materiais multim\u00eddia de apoio \u00e0 divulga\u00e7\u00e3o do projeto no pa\u00eds via ambiente virtual.<\/p><p><strong>Ciclo 2:<\/strong> Ajuste dos conhecimentos te\u00f3rico-metodol\u00f3gicos, t\u00e9cnicos e operacionais junto aos sujeitos participantes\/envolvidos direto e\/ou indiretamente nas a\u00e7\u00f5es estrat\u00e9gicas do projeto, com media\u00e7\u00e3o das Tecnologias da Informa\u00e7\u00e3o e Comunica\u00e7\u00e3o (TIC). Este ciclo foi mediado por oficinas de produ\u00e7\u00e3o de conte\u00fado e desenho de estrat\u00e9gias de informa\u00e7\u00e3o para os(as) usu\u00e1rios(as) do SUS.<\/p><p><strong>Ciclo 3:<\/strong> Desenho de uma agenda, com plano operacional de a\u00e7\u00f5es estrat\u00e9gicas, que promoveram di\u00e1logos integradores entre a \u00e1rea t\u00e9cnica do MS e os sujeitos participantes desse projeto. Nesse ciclo foram pactuadas a\u00e7\u00f5es estrat\u00e9gicas com clara defini\u00e7\u00e3o dos correspons\u00e1veis em sua execu\u00e7\u00e3o, monitoramento e avalia\u00e7\u00e3o.<\/p><p><strong>Ciclo 4:<\/strong> Produ\u00e7\u00e3o e\/ou recupera\u00e7\u00e3o de materiais multim\u00eddia, j\u00e1 dispon\u00edveis, e desenvolvimento de outros que se fizeram necess\u00e1rios aos processos de divulga\u00e7\u00e3o, tendo a cria\u00e7\u00e3o de um reposit\u00f3rio e uma biblioteca virtual como elementos de suporte ao est\u00edmulo do uso destas e outras ferramentas.<\/p><p>Associado aos ciclos descritos prev\u00ea-se o desenvolvimento e manuten\u00e7\u00e3o dos ambientes virtuais, a partir dos quais este projeto pretende garantir sua visibilidade, incorporando a ado\u00e7\u00e3o e pr\u00e1ticas das TIC nos processos de educa\u00e7\u00e3o, informa\u00e7\u00e3o e comunica\u00e7\u00e3o em sa\u00fade. Complementa este princ\u00edpio, a publiciza\u00e7\u00e3o dos resultados, a realiza\u00e7\u00e3o de cinco workshops com participa\u00e7\u00e3o de especialistas nacionais e internacionais.<\/p><p><strong>Refer\u00eancias<\/strong>:<\/p><p>Creswell, JW. A Consice Introduction to Mixed Methods Research. University of Nebreaska \u2013 Lincoln. SAGE Publications; 2015.<\/p><p>Denzin, NK.; Lincoln, YS. O planejamento da pesquisa qualitativa: teorias e abordagens. Porto Alegre: Artmed, 2006.<\/p><p>Minayo, M.C.S. O desafio do conhecimento: pesquisa qualitativa em sa\u00fade. 12\u00aa Ed. S\u00e3o Paulo: Hucitec, 2010.<\/p><p>Spink, MJ., Menegon, VM., &amp; Medrado, B. Oficinas como estrat\u00e9gia de pesquisa: articula\u00e7\u00f5es te\u00f3rico-metodol\u00f3gicas e aplica\u00e7\u00f5es \u00e9tico-pol\u00edticas. Psicologia &amp; Sociedade, 26(1), 32-43. 2014. Dispon\u00edvel em: &lt;http:\/\/www.scielo.br\/pdf\/psoc\/v26n1\/05.pdf&gt; Acessado em mai 2020.<\/p>\t\t\t\t\t\t<\/div>\n\t\t\t\t<\/div>\n\t\t\t\t\t<\/div>\n\t\t<\/div>\n\t\t\t\t\t\t\t<\/div>\n\t\t<\/section>\n\t\t\t\t\t\t<\/div>\n\t\t\t\t\t<\/div>\n\t\t","protected":false},"excerpt":{"rendered":"<p>Metodologia Trata-se de um Estudo de M\u00faltiplos Casos, uma estrat\u00e9gia de investiga\u00e7\u00e3o qualitativa que visa aprofundar o como e o porqu\u00ea de alguma situa\u00e7\u00e3o ou epis\u00f3dio, frente \u00e0 qual o pesquisador tem pouco controle (MINAYO, 2010). Os te\u00f3ricos deste m\u00e9todo aconselham aos pesquisadores que utilizem m\u00faltiplas fontes de informa\u00e7\u00f5es (YIN, 2005; CRESWELL, 2007, 2015) construindo [&hellip;]<\/p>\n","protected":false},"author":9,"featured_media":0,"parent":0,"menu_order":0,"comment_status":"closed","ping_status":"closed","template":"elementor_header_footer","meta":[],"_links":{"self":[{"href":"https:\/\/arbocontrol.unb.br\/index.php?rest_route=\/wp\/v2\/pages\/1273"}],"collection":[{"href":"https:\/\/arbocontrol.unb.br\/index.php?rest_route=\/wp\/v2\/pages"}],"about":[{"href":"https:\/\/arbocontrol.unb.br\/index.php?rest_route=\/wp\/v2\/types\/page"}],"author":[{"embeddable":true,"href":"https:\/\/arbocontrol.unb.br\/index.php?rest_route=\/wp\/v2\/users\/9"}],"replies":[{"embeddable":true,"href":"https:\/\/arbocontrol.unb.br\/index.php?rest_route=%2Fwp%2Fv2%2Fcomments&post=1273"}],"version-history":[{"count":4,"href":"https:\/\/arbocontrol.unb.br\/index.php?rest_route=\/wp\/v2\/pages\/1273\/revisions"}],"predecessor-version":[{"id":1277,"href":"https:\/\/arbocontrol.unb.br\/index.php?rest_route=\/wp\/v2\/pages\/1273\/revisions\/1277"}],"wp:attachment":[{"href":"https:\/\/arbocontrol.unb.br\/index.php?rest_route=%2Fwp%2Fv2%2Fmedia&parent=1273"}],"curies":[{"name":"wp","href":"https:\/\/api.w.org\/{rel}","templated":true}]}}

<div data-elementor-type="wp-page" data-elementor-id="1273" class="elementor elementor-1273" data-elementor-settings="[]">
							<div class="elementor-section-wrap">
							<section class="elementor-section elementor-top-section elementor-element elementor-element-2c462d7 elementor-section-boxed elementor-section-height-default elementor-section-height-default" data-id="2c462d7" data-element_type="section">
						<div class="elementor-container elementor-column-gap-default">
					<div class="elementor-column elementor-col-100 elementor-top-column elementor-element elementor-element-be77099" data-id="be77099" data-element_type="column">
			<div class="elementor-widget-wrap elementor-element-populated">
								<div class="elementor-element elementor-element-aa84f87 elementor-widget elementor-widget-heading" data-id="aa84f87" data-element_type="widget" data-widget_type="heading.default">
				<div class="elementor-widget-container">
			<h2 class="elementor-heading-title elementor-size-default">Metodologia</h2>		</div>
				</div>
				<div class="elementor-element elementor-element-fbd2d9f elementor-widget elementor-widget-text-editor" data-id="fbd2d9f" data-element_type="widget" data-widget_type="text-editor.default">
				<div class="elementor-widget-container">
								<p>Trata-se de um Estudo de Múltiplos Casos, uma estratégia de investigação qualitativa que visa aprofundar o como e o porquê de alguma situação ou episódio, frente à qual o pesquisador tem pouco controle (MINAYO, 2010). Os teóricos deste método aconselham aos pesquisadores que utilizem múltiplas fontes de informações (YIN, 2005; CRESWELL, 2007, 2015) construindo um banco de dados ao longo da investigação de modo a criarem uma cadeia de evidências relevantes durante o trabalho de campo (MINAYO, 2010).</p><p>Conta com metodologias ativas e inclusivas, que valorizam os princípios da aproximação significativa em redes sociais humanas, estabelecendo, portanto, vínculo entre o material conhecido e disponibilizado pelas campanhas do Ministério da Saúde e Secretarias de Saúde estaduais e municipais, e os conhecimentos acumulados pela população, paralelamente ao Componente 3 deste projeto.</p><p>O caminho qualitativo adotado foi composto em quatro ciclos, que envolveram estratégias da pesquisa ação. Esta, para Denzin e Lincoln (2006, p. 98), é voltada para a mudança social, é a forma que a pesquisa social deve assumir caso queira alcançar resultados válidos, realizar mudança social útil e reconectar as universidades à sociedade como um todo.</p><p>Na pesquisa ação os colaboradores comunitários ou organizacionais trabalham em conjunto com os pesquisadores na definição dos objetivos, na elaboração de questões de pesquisa, no aprendizado das habilidades de pesquisa, na combinação entre o conhecimento e os esforços, na condução da pesquisa, na interpretação dos resultados e na aplicação do que é apreendido para a produção de uma mudança social positiva (DENZIN; LINCOLN, 2006, p. 100).</p><p>Sendo assim, a estratégia previamente identificada para o desenvolvimento desta pesquisa atendeu aos objetivos e metas de avaliação científica, amparada substancialmente em técnicas combinatórias de análise de documentos, entrevistas, participação direta em atividades de campo, individuais e/ou em grupo.</p><p>Ainda do ponto de vista teórico-metodológico, foram desenvolvidas oficinas aproximativas, apontadas por Spink, Menegon e Medrado (2014) como uma estratégia facilitadora de troca dialógica e construção compartilhada de sentidos. Os autores apontam que oficinas são práticas discursivas, logo, compreendem maneiras por meio das quais as pessoas produzem sentidos sobre fenômenos a sua volta e se posicionam em relações sociais cotidianas.</p><p>Para alcançar esta finalidade, os pesquisadores entraram em contato com a Rede de Educação Popular em Saúde e as Secretarias Municipais e Estaduais de Saúde, que selecionaram os atores estratégicos oriundos da população bem como os Agentes Comunitários de Saúde (ACS) dos municípios referentes para participarem da pesquisa para que as experiências relatadas fossem diferentes, levando em consideração a riqueza das histórias vividas e obedecendo quatro ciclos iniciais de abordagem, a saber:</p><p><strong>Ciclo 1:</strong> Caracterização das prioridades apontadas pela revisão sistemática anterior, com vistas à produção de materiais multimídia de apoio à divulgação do projeto no país via ambiente virtual.</p><p><strong>Ciclo 2:</strong> Ajuste dos conhecimentos teórico-metodológicos, técnicos e operacionais junto aos sujeitos participantes/envolvidos direto e/ou indiretamente nas ações estratégicas do projeto, com mediação das Tecnologias da Informação e Comunicação (TIC). Este ciclo foi mediado por oficinas de produção de conteúdo e desenho de estratégias de informação para os(as) usuários(as) do SUS.</p><p><strong>Ciclo 3:</strong> Desenho de uma agenda, com plano operacional de ações estratégicas, que promoveram diálogos integradores entre a área técnica do MS e os sujeitos participantes desse projeto. Nesse ciclo foram pactuadas ações estratégicas com clara definição dos corresponsáveis em sua execução, monitoramento e avaliação.</p><p><strong>Ciclo 4:</strong> Produção e/ou recuperação de materiais multimídia, já disponíveis, e desenvolvimento de outros que se fizeram necessários aos processos de divulgação, tendo a criação de um repositório e uma biblioteca virtual como elementos de suporte ao estímulo do uso destas e outras ferramentas.</p><p>Associado aos ciclos descritos prevê-se o desenvolvimento e manutenção dos ambientes virtuais, a partir dos quais este projeto pretende garantir sua visibilidade, incorporando a adoção e práticas das TIC nos processos de educação, informação e comunicação em saúde. Complementa este princípio, a publicização dos resultados, a realização de cinco workshops com participação de especialistas nacionais e internacionais.</p><p><strong>Referências</strong>:</p><p>Creswell, JW. A Consice Introduction to Mixed Methods Research. University of Nebreaska – Lincoln. SAGE Publications; 2015.</p><p>Denzin, NK.; Lincoln, YS. O planejamento da pesquisa qualitativa: teorias e abordagens. Porto Alegre: Artmed, 2006.</p><p>Minayo, M.C.S. O desafio do conhecimento: pesquisa qualitativa em saúde. 12ª Ed. São Paulo: Hucitec, 2010.</p><p>Spink, MJ., Menegon, VM., &amp; Medrado, B. Oficinas como estratégia de pesquisa: articulações teórico-metodológicas e aplicações ético-políticas. Psicologia &amp; Sociedade, 26(1), 32-43. 2014. Disponível em: &lt;http://www.scielo.br/pdf/psoc/v26n1/05.pdf&gt; Acessado em mai 2020.</p>						</div>
				</div>
					</div>
		</div>
							</div>
		</section>
						</div>
					</div>

<p>Metodologia Trata-se de um Estudo de Múltiplos Casos, uma estratégia de investigação qualitativa que visa aprofundar o como e o porquê de alguma situação ou episódio, frente à qual o pesquisador tem pouco controle (MINAYO, 2010). Os teóricos deste método aconselham aos pesquisadores que utilizem múltiplas fontes de informações (YIN, 2005; CRESWELL, 2007, 2015) construindo [&hellip;]</p>
