

 {"id":876,"date":"2020-05-10T19:32:13","date_gmt":"2020-05-10T19:32:13","guid":{"rendered":"https:\/\/arbocontrol.unb.br\/?page_id=876"},"modified":"2020-05-20T17:41:43","modified_gmt":"2020-05-20T17:41:43","slug":"analise-de-pesticidas","status":"publish","type":"page","link":"https:\/\/arbocontrol.unb.br\/?page_id=876","title":{"rendered":"An\u00e1lise de pesticidas"},"content":{"rendered":"<p>[vc_row][vc_column]<div class=\"sc_section aligncenter\" data-animation=\"animated zoomIn normal\"><div class=\"sc_section_inner\"><h6 class=\"sc_section_subtitle sc_item_subtitle\">COMPONENTE 1<\/h6><h2 class=\"sc_section_title sc_item_title\">An\u00e1lise de pesticidas<\/h2><div class=\"sc_section aligncenter\" style=\"max-width: 43rem;\"><div class=\"sc_section_inner\">[vc_column_text]<\/p>\n<div class=\"page-header\">\n<p class=\"direction-ltr align-start para-style-body\" style=\"text-align: center;\"><strong>AN\u00c1LISES QU\u00cdMICAS E BIOL\u00d3GICAS DE PRODUTOS RECEBIDOS PELO MINIST\u00c9RIO DA SA\u00daDE<\/strong><\/p>\n<p>&nbsp;<\/p>\n<p style=\"text-align: left;\">O Minist\u00e9rio da Sa\u00fade recebe amostras potencialmente \u00fateis no controle vetorial de\u00a0<em>Aedes aegypti<\/em>. No projeto ArboControl est\u00e3o sendo realizadas an\u00e1lises da atividade biol\u00f3gica e qu\u00edmicas dos componentes presentes nessas formula\u00e7\u00f5es.<\/p>\n<\/div>\n<p>[\/vc_column_text]<figure class=\"sc_image  sc_image_shape_square margin_bottom_small\"><img src=\"https:\/\/arbocontrol.unb.br\/wp-content\/uploads\/2020\/05\/Arbo_Control_Anlise_Pesticida-Controle_de_Qualidade-scaled.jpg\" alt=\"\" \/><\/figure><\/div><\/div><div class=\"sc_section aligncenter\" style=\"max-width: 43rem;\"><div class=\"sc_section_inner\">[vc_column_text]<\/p>\n<div class=\"page-header\" style=\"text-align: left;\"><\/div>\n<p style=\"text-align: left;\">J\u00e1 foram recebidas tr\u00eas amostras encaminhadas pela equipe t\u00e9cnica do Minist\u00e9rio da Sa\u00fade sendo: SAFE DP, Safe Plus e Original NIM. Na formula\u00e7\u00e3o SAFE DP, um p\u00f3 verde escuro, foi detectada alta concentra\u00e7\u00e3o de sil\u00edcio, compat\u00edvel com a presen\u00e7a de areia e tra\u00e7os de algum composto org\u00e2nico. O LC de SAFE DP foi de 127,5 ppm em 24 h. Em teste semi-campo realizado em baldes expostos ao sol, o produto demonstrou atividade larvicida ap\u00f3s 24 h quando testado segundo as normas do fabricante.. A an\u00e1lise de SAFE Plus revelou a prov\u00e1vel presen\u00e7a de pol\u00edmero de silicone em sua formula\u00e7\u00e3o. Teve baixa atividade larvicida e uma poss\u00edvel atividade pupicida que se deve, provavelmente, \u00e0 asfixia mec\u00e2nica das pupas pela camada de silicone suspensa na \u00e1gua. O produto Original NIM \u00e9 um l\u00edquido viscoso de aspecto oleoso. A an\u00e1lise qu\u00edmica sugeriu a presen\u00e7a de um \u00f3leo vegetal como ve\u00edculo e n\u00e3o detectou o princ\u00edpio ativo Azadiractina no produto. Os testes larvicidas revelaram LC de 22,3 ppm. H\u00e1 na formula\u00e7\u00e3o um tensoativo que pode ter atividade larvicida e a camada oleosa em suspens\u00e3o na \u00e1gua pode causar asfixia mec\u00e2nica das larvas. O teste de residualidade em condi\u00e7\u00f5es de laborat\u00f3rio indicou que ap\u00f3s 15 dias o produto j\u00e1 perde parte de sua efic\u00e1cia.<\/p>\n<p>[\/vc_column_text]<figure class=\"sc_image  sc_image_shape_square margin_bottom_small\"><img src=\"https:\/\/arbocontrol.unb.br\/wp-content\/uploads\/2020\/05\/ArboControl_Analise_de_Pesticida_1.png\" alt=\"\" \/><\/figure><\/div><\/div><div class=\"sc_section aligncenter\" style=\"max-width: 43rem;\"><div class=\"sc_section_inner\">[vc_column_text]<\/p>\n<div class=\"page-header\" style=\"text-align: left;\"><\/div>\n<p style=\"text-align: left;\">Foram analisados os pesticidas Sumilarv\u00ae 0,5 G (piriproxifeno), Komvektor\u00ae 440 EW (malationa), Vectron\u00ae 10 SC (etofenproxi) e Ficam\u00ae VC (bendiocarbe) amostrados do dep\u00f3sito de pesticidas da Secretaria de Sa\u00fade do Distrito Federal. A avalia\u00e7\u00e3o de Vectron\u00ae 10 SC revelou teor 12,0% menor de princ\u00edpio ativo que o declarado. J\u00e1 a an\u00e1lise de Komvektor\u00ae 440 EW mostrou conter 31,5% de malationa acima do valor declarado pelo fabricante. A malationa \u00e9 adquirida como uma emuls\u00e3o em bombonas de 200 litros, que devido ao tamanho e posicionamento dificultam a homogeneiza\u00e7\u00e3o do produto antes do uso. As altera\u00e7\u00f5es nos teores de princ\u00edpio ativo dos inseticidas podem contribuir para prepara\u00e7\u00f5es equivocadas de inseticidas com doses sub ou supra letais.<\/p>\n<p>[\/vc_column_text]<figure class=\"sc_image  sc_image_shape_square margin_bottom_small\"><img src=\"https:\/\/arbocontrol.unb.br\/wp-content\/uploads\/2020\/05\/ArboControl_Analise_de_Pesticida_2.png\" alt=\"\" \/><\/figure><\/div><\/div><\/div><\/div>[\/vc_column][\/vc_row][vc_row full_width=&#8221;stretch_row&#8221; css=&#8221;.vc_custom_1456133405240{margin-top: 5.9rem !important;padding-top: 5.9rem !important;padding-bottom: 5.9rem !important;background-image: url(http:\/\/scientific.ancorathemes.com\/wp-content\/uploads\/2016\/02\/bg_about_skills.jpg?id=192) !important;background-position: center !important;background-repeat: no-repeat !important;background-size: cover !important;}&#8221;][vc_column]<div class=\"sc_section light_version_color  aligncenter\" data-animation=\"animated zoomIn normal\" style=\"max-width: 770px;\"><div class=\"sc_section_inner\"><div id=\"sc_skills_diagram_2080696601\" class=\"sc_skills sc_skills_bar sc_skills_horizontal\" data-type=\"bar\" data-caption=\"Skills\" data-dir=\"horizontal\"><h6 class=\"sc_skills_subtitle sc_item_subtitle\">O que fazemos<\/h6><h2 class=\"sc_skills_title sc_item_title\">Nossas Pesquisas<\/h2><div class=\"sc_skills_item sc_skills_style_1 odd first\"><div class=\"sc_skills_count\" style=\"background-color:#ea3116; border-color:#ea3116\"><div class=\"sc_skills_total\" data-start=\"0\" data-stop=\"90\" data-step=\"1\" data-max=\"100\" data-speed=\"19\" data-duration=\"1710\" data-ed=\"%\">0%<\/div><\/div><span class=\"sc_skills_label_bar\">Dengue<\/span><\/div><div class=\"sc_skills_item sc_skills_style_1 even\"><div class=\"sc_skills_count\" style=\"background-color:#aeaead; border-color:#aeaead\"><div class=\"sc_skills_total\" data-start=\"0\" data-stop=\"80\" data-step=\"1\" data-max=\"100\" data-speed=\"37\" data-duration=\"2960\" data-ed=\"%\">0%<\/div><\/div><span class=\"sc_skills_label_bar\">Zika<\/span><\/div><div class=\"sc_skills_item sc_skills_style_1 odd\"><div class=\"sc_skills_count\" style=\"background-color:#ff9d05; border-color:#ff9d05\"><div class=\"sc_skills_total\" data-start=\"0\" data-stop=\"85\" data-step=\"1\" data-max=\"100\" data-speed=\"33\" data-duration=\"2805\" data-ed=\"%\">0%<\/div><\/div><span class=\"sc_skills_label_bar\">chikungunya<\/span><\/div><\/div><\/div><\/div>[\/vc_column][\/vc_row][vc_row][vc_column]<div class=\"sc_section aligncenter\" data-animation=\"animated zoomIn normal\"><div class=\"sc_section_inner\"><div class=\"sc_line sc_line_position_center_center sc_line_style_solid\" style=\"display: inline-block;width:150px;border-top-width:4px;border-top-style:solid;border-top-color:#5c5551;\"><\/div><div class=\"sc_section\"><div class=\"sc_section_inner\"><h6 class=\"sc_section_subtitle sc_item_subtitle\">CITA\u00c7\u00d5ES<\/h6><h2 class=\"sc_section_title sc_item_title\">Conte nos melhor sua participa\u00e7\u00e3o no Projeto<\/h2><a href=\"#popup_form\" class=\"sc_button sc_button_square sc_button_style_filled sc_button_size_small sc_popup_link\" style=\"padding-left: 3.1em; padding-right: 3.1em;\">Envie sua Participa\u00e7\u00e3o<\/a><\/div><\/div><div id=\"popup_form\" class=\"sc_popup mfp-with-anim mfp-hide\"><div  id=\"sc_form_491657008_wrap\" class=\"sc_form_wrap\"><div  id=\"sc_form_491657008\" class=\"sc_form sc_form_style_form_1\">\t\t<form  id=\"sc_form_491657008_form\" data-formtype=\"form_1\" method=\"post\" action=\"https:\/\/arbocontrol.unb.br\/wp-admin\/admin-ajax.php\">\n\t\t\t\t\t\t<div class=\"sc_form_info\">\n\t\t\t\t<div class=\"sc_form_item sc_form_field label_over\"><label class=\"required\" for=\"sc_form_username\">Name<\/label><input id=\"sc_form_username\" type=\"text\" name=\"username\" placeholder=\"Name *\"><\/div>\n\t\t\t\t<div class=\"sc_form_item sc_form_field label_over\"><label class=\"required\" for=\"sc_form_email\">E-mail<\/label><input id=\"sc_form_email\" type=\"text\" name=\"email\" placeholder=\"E-mail *\"><\/div>\n\t\t\t\t<div class=\"sc_form_item sc_form_field label_over\"><label class=\"required\" for=\"sc_form_subj\">Subject<\/label><input id=\"sc_form_subj\" type=\"text\" name=\"subject\" placeholder=\"Subject *\"><\/div>\n\t\t\t<\/div>\n\t\t\t<div class=\"sc_form_item sc_form_message label_over\"><label class=\"required\" for=\"sc_form_message\">Message<\/label><textarea id=\"sc_form_message\" name=\"message\" placeholder=\"Message *\"><\/textarea><\/div>\n\n            <div class=\"sc_form_item sc_form_field_checkbox\"><input type=\"checkbox\" id=\"i_agree_privacy_policy_sc_form_1\" name=\"i_agree_privacy_policy\" class=\"sc_form_privacy_checkbox\" value=\"1\">\n                <label for=\"i_agree_privacy_policy_sc_form_1\">I agree that my submitted data is being collected and stored. For further details on handling user data, see our <a href=\"\" target=\"_blank\">Privacy Policy<\/a><\/label>\n                <\/div><div class=\"sc_form_item sc_form_button\"><button  disabled=\"disabled\" >Send Message<\/button>\n            <\/div>\n            <div class=\"result sc_infobox\"><\/div>\n\n\t\t<\/form>\n\t\t<\/div><\/div><\/div><\/div><\/div>[\/vc_column][\/vc_row]<\/p>\n","protected":false},"excerpt":{"rendered":"<p>[vc_row][vc_column][\/vc_column][\/vc_row][vc_row full_width=&#8221;stretch_row&#8221; css=&#8221;.vc_custom_1456133405240{margin-top: 5.9rem !important;padding-top: 5.9rem !important;padding-bottom: 5.9rem !important;background-image: url(http:\/\/scientific.ancorathemes.com\/wp-content\/uploads\/2016\/02\/bg_about_skills.jpg?id=192) !important;background-position: center !important;background-repeat: no-repeat !important;background-size: cover !important;}&#8221;][vc_column][\/vc_column][\/vc_row][vc_row][vc_column][\/vc_column][\/vc_row]<\/p>\n","protected":false},"author":1,"featured_media":0,"parent":0,"menu_order":0,"comment_status":"closed","ping_status":"closed","template":"","meta":[],"_links":{"self":[{"href":"https:\/\/arbocontrol.unb.br\/index.php?rest_route=\/wp\/v2\/pages\/876"}],"collection":[{"href":"https:\/\/arbocontrol.unb.br\/index.php?rest_route=\/wp\/v2\/pages"}],"about":[{"href":"https:\/\/arbocontrol.unb.br\/index.php?rest_route=\/wp\/v2\/types\/page"}],"author":[{"embeddable":true,"href":"https:\/\/arbocontrol.unb.br\/index.php?rest_route=\/wp\/v2\/users\/1"}],"replies":[{"embeddable":true,"href":"https:\/\/arbocontrol.unb.br\/index.php?rest_route=%2Fwp%2Fv2%2Fcomments&post=876"}],"version-history":[{"count":2,"href":"https:\/\/arbocontrol.unb.br\/index.php?rest_route=\/wp\/v2\/pages\/876\/revisions"}],"predecessor-version":[{"id":1104,"href":"https:\/\/arbocontrol.unb.br\/index.php?rest_route=\/wp\/v2\/pages\/876\/revisions\/1104"}],"wp:attachment":[{"href":"https:\/\/arbocontrol.unb.br\/index.php?rest_route=%2Fwp%2Fv2%2Fmedia&parent=876"}],"curies":[{"name":"wp","href":"https:\/\/api.w.org\/{rel}","templated":true}]}}